in base 16?
7
Convert 21 (base 4) to base 16.
9
Convert -14 (base 8) to base 10.
-12
What is -49 (base 11) in base 8?
-65
1012 (base 4) to base 9
77
-36 (base 12) to base 13
-33
1 (base 12) to base 7
1
Convert 144 (base 12) to base 10.
196
Convert 1414 (base 5) to base 7.
453
Convert 10 (base 2) to base 7.
2
-150 (base 7) to base 16
-54
Convert -5 (base 9) to base 14.
-5
Convert -11120 (base 3) to base 12.
-a3
What is -1 (base 12) in base 10?
-1
Convert -100 (base 10) to base 8.
-144
22 (base 7) to base 11
15
Convert 221 (base 3) to base 10.
25
Convert 130 (base 4) to base 14.
20
What is 7 (base 11) in base 3?
21
1 (base 2) to base 5
1
What is 2 (base 4) in base 14?
2
Convert 30 (base 5) to base 3.
120
28 (base 14) to base 11
33
Convert -2 (base 10) to base 5.
-2
What is 111 (base 2) in base 8?
7
12 (base 6) to base 9
8
What is 112 (base 5) in base 4?
200
Convert -4 (base 7) to base 6.
-4
What is 101 (base 2) in base 14?
5
What is -2220 (base 3) in base 10?
-78
Convert 2 (base 8) to base 16.
2
-32 (base 10) to base 11
-2a
What is 45 (base 13) in base 5?
212
-315 (base 8) to base 14
-109
Convert 111010 (base 2) to base 10.
58
What is -2 (base 11) in base 15?
-2
1 (base 16) to base 13
1
15 (base 11) to base 15
11
Convert -2 (base 13) to base 15.
-2
What is -7 (base 13) in base 5?
-12
Convert 1 (base 8) to base 9.
1
-33 (base 4) to base 10
-15
What is 46 (base 11) in base 9?
55
-111 (base 2) to base 16
-7
-24 (base 5) to base 14
-10
Convert 5 (base 15) to base 11.
5
Convert 225 (base 6) to base 16.
59
-1 (base 11) to base 5
-1
What is -17 (base 8) in base 2?
-1111
-1005 (base 6) to base 9
-265
-1 (base 6) to base 7
-1
What is -19 (base 16) in base 2?
-11001
-1111 (base 2) to base 16
-f
What is -1 (base 15) in base 2?
-1
What is -143 (base 5) in base 14?
-36
What is -276 (base 8) in base 15?
-ca
6 (base 15) to base 5
11
Convert -14 (base 5) to base 2.
-1001
What is 322 (base 4) in base 15?
3d
Convert 1 (base 7) to base 5.
1
What is 89 (base 10) in base 14?
65
-4 (base 5) to base 2
-100
Convert -3 (base 16) to base 15.
-3
-100 (base 9) to base 14
-5b
112 (base 3) to base 10
14
-4 (base 6) to base 4
-10
-11110111 (base 2) to base 4
-3313
What is 0 (base 13) in base 5?
0
Convert 11 (base 3) to base 2.
100
What is 5 (base 9) in base 6?
5
-54 (base 10) to base 15
-39
Convert -122 (base 4) to base 14.
-1c
Convert -2 (base 3) to base 12.
-2
120 (base 4) to base 7
33
-17 (base 16) to base 7
-32
What is -12020 (base 3) in base 4?
-2031
Convert b (base 15) to base 16.
b
Convert 1 (base 5) to base 10.
1
12 (base 11) to base 15
d
What is 134 (base 10) in base 12?
b2
What is 11 (base 6) in base 2?
111
What is 39 (base 12) in base 13?
36
What is 22 (base 16) in base 6?
54
What is 11121 (base 3) in base 5?
444
113 (base 4) to base 7
32
What is -45 (base 10) in base 11?
-41
What is 24 (base 6) in base 15?
11
What is -10001 (base 2) in base 5?
-32
1 (base 10) to base 3
1
-1 (base 16) to base 11
-1
-33 (base 11) to base 3
-1100
Convert 28 (base 11) to base 6.
50
What is 0 (base 8) in base 5?
0
What is 1 (base 15) in base 11?
1
What is 0 (base 13) in base 10?
0
-152 (base 9) to base 15
-88
What is -1 (base 4) in base 9?
-1
What is -2 (base 9) in base 8?
-2
What is -4a (base 13) in base 2?
-111110
What is 31 (base 5) in base 12?
14
What is -1122 (base 3) in base 9?
-48
-9b (base 14) to base 7
-254
Convert 8a (base 15) to base 14.
94
0 (base 15) to base 12
0
What is -3 (base 16) in base 2?
-11
10 (base 2) to base 15
2
-212 (base 3) to base 16
-17
4 (base 13) to base 6
4
-51 (base 12) to base 11
-56
-122 (base 6) to base 13
-3b
What is 18 (base 10) in base 11?
17
Convert -3 (base 12) to base 4.
-3
110 (base 3) to base 9
13
98 (base 11) to base 5
412
What is -8 (base 9) in base 4?
-20
What is -8 (base 9) in base 13?
-8
What is 10101 (base 2) in base 13?
18
What is 5 (base 12) in base 4?
11
What is -14 (base 6) in base 13?
-a
5 (base 12) to base 14
5
What is 102 (base 15) in base 7?
443
What is 9 (base 15) in base 8?
11
Convert -314 (base 8) to base 9.
-246
65 (base 7) to base 10
47
Convert -4 (base 8) to base 2.
-100
What is -1100 (base 2) in base 5?
-22
What is 99 (base 15) in base 2?
10010000
Convert -17b (base 14) to base 15.
-155
-231 (base 4) to base 13
-36
Convert -24 (base 10) to base 15.
-19
Convert a (base 16) to base 13.
a
-16 (base 11) to base 14
-13
Convert -11 (base 3) to base 5.
-4
76 (base 8) to base 5
222
What is -1000 (base 3) in base 11?
-25
-406 (base 7) to base 4
-3022
Convert 1 (base 13) to base 12.
1
1a (base 13) to base 11
21
Convert -2 (base 5) to base 9.
-2
-224 (base 12) to base 2
-100111100
-32 (base 5) to base 2
-10001
Convert -30 (base 6) to base 14.
-14
What is 2b (base 13) in base 6?
101
-11 (base 12) to base 14
-d
What is -3 (base 4) in base 3?
-10
52 (base 13) to base 4
1003
What is -2 (base 6) in base 16?
-2
Convert 3 (base 6) to base 4.
3
-371 (base 8) to base 11
-207
Convert 11 (base 3) to base 4.
10
-5 (base 14) to base 9
-5
Convert 34 (base 9) to base 3.
1011
-101 (base 2) to base 9
-5
What is -41 (base 14) in base 16?
-39
1 (base 9) to base 15
1
Convert 41 (base 6) to base 15.
1a
-1 (base 11) to base 7
-1
Convert 0 (base 3) to base 4.
0
What is -63 (base 8) in base 10?
-51
What is 350 (base 9) in base 15?
143
1 (base 7) to base 13
1
What is -222 (base 7) in base 6?
-310
Convert -110 (base 5) to base 2.
-11110
Convert -58 (base 10) to base 5.
-213
-1 (base 10) to base 6
-1
11 (base 6) to base 7
10
What is 2 (base 6) in base 4?
2
What is 2 (base 6) in base 10?
2
11100 (base 2) to base 14
20
Convert 32 (base 5) to base 6.
25
Convert 1c (base 15) to base 11.
25
-144 (base 5) to base 12
-41
-4 (base 9) to base 16
-4
-2221 (base 5) to base 13
-1ac
Convert -1 (base 15) to base 13.
-1
Convert -15 (base 14) to base 2.
-10011
-2 (base 4) to base 5
-2
4a (base 12) to base 16
3a
13 (base 15) to base 16
12
-2033 (base 4) to base 7
-263
Convert 3a (base 13) to base 4.
301
What is 11 (base 3) in base 15?
4
What is -15 (base 11) in base 16?
-10
Convert -41 (base 11) to base 10.
-45
Convert -12 (base 5) to base 6.
-11
Convert -1 (base 9) to base 6.
-1
Convert -11 (base 9) to base 6.
-14
20 (base 13) to base 5
101
0 (base 4) to base 9
0
-23 (base 11) to base 3
-221
What is 2 (base 14) in base 15?
2
Convert 2 (base 9) to base 6.
2
-24 (base 6) to base 4
-100
What is -25 (base 11) in base 9?
-30
What is -1 (base 6) in base 10?
-1
-77 (base 12) to base 14
-67
What is -24 (base 13) in base 16?
-1e
-20 (base 3) to base 7
-6
123 (base 8) to base 11
76
Convert 44 (base 10) to base 12.
38
4 (base 5) to base 11
4
What is 3 (base 4) in base 10?
3
b8 (base 12) to base 13
aa
Convert 3 (base 7) to base 16.
3
Convert 110100 (base 2) to base 16.
34
Convert -22112 (base 3) to base 12.
-172
What is 40 (base 15) in base 10?
60
What is -111 (base 3) in base 13?
-10
Convert d (base 16) to base 15.
d
What is -2 (base 9) in base 5?
-2
What is 9 (base 16) in base 7?
12
Convert 3 (base 9) to base 2.
11
1 (base 3) to base 13
1
10 (base 3) to base 6
3
Convert -26 (base 16) to base 15.
-28
Convert -195 (base 10) to base 15.
-d0
What is 33 (base 13) in base 9?
46
85 (base 9) to base 8
115
-285 (base 9) to base 7
-461
-21 (base 13) to base 7
-36
Convert -9 (base 13) to base 2.
-1001
What is -2 (base 14) in base 16?
-2
18d (base 15) to base 14
1b8
Convert 146 (base 10) to base 12.
102
What is -111 (base 11) in base 2?
-10000101
What is -33 (base 9) in base 6?
-50
8 (base 15) to base 8
10
Convert 2 (base 4) to base 13.
2
34 (base 8) to base 12
24
147 (base 12) to base 4
3013
21 (base 11) to base 8
27
Convert -302 (base 5) to base 7.
-140
Convert -12 (base 7) to base 5.
-14
43 (base 8) to base 2
100011
What is 130 (base 5) in base 6?
104
What is 100 (base 2) in base 9?
4
Convert 0 (base 14) to base 2.
0
Convert -42 (base 8) to base 6.
-54
What is 1 (base 3) in base 10?
1
74 (base 14) to base 6
250
Convert -1 (base 5) to base 3.
-1
What is 16 (base 10) in base 5?
31
Convert -4 (base 14) to base 11.
-4
Convert 0 (base 11) to base 6.
0
64 (base 16) to base 5
400
Convert 1100 (base 2) to base 5.
22
What is -4 (base 6) in base 8?
-4
Convert 3 (base 6) to base 8.
3
What is -187 (base 9) in base 4?
-2200
Convert 15 (base 9) to base 6.
22
20 (base 4) to base 3
22
What is -11 (base 4)